{"id":64,"date":"2018-09-19T14:32:00","date_gmt":"2018-09-19T17:32:00","guid":{"rendered":"http:\/\/mih.unilab.edu.br\/?page_id=64"},"modified":"2018-10-08T12:32:21","modified_gmt":"2018-10-08T15:32:21","slug":"perfil-do-egresso","status":"publish","type":"page","link":"https:\/\/profmat.unilab.edu.br\/index.php\/perfil-do-egresso\/","title":{"rendered":"Perfil do Egresso"},"content":{"rendered":"<p><span style=\"color: #000000;\">O egresso do PROFMAT dever\u00e1:<\/span><\/p>\n<ul>\n<li style=\"text-align: left;\"><span style=\"color: #000000;\">Possuir s\u00f3lida forma\u00e7\u00e3o t\u00e9cnico-cient\u00edfica e profissional em matem\u00e1tica, com capacidade de atua\u00e7\u00e3o no ensino b\u00e1sico, que promova o dom\u00ednio dos conte\u00fados apropriados, da forma de pensar e das estrat\u00e9gias de resolu\u00e7\u00e3o de problemas caracter\u00edsticos da Matem\u00e1tica;<\/span><\/li>\n<li style=\"text-align: left;\"><span style=\"color: #000000;\">Buscar compreender e produzir conhecimento na \u00e1rea de matem\u00e1tica do ensino b\u00e1sico juntamente com a pesquisa, a produ\u00e7\u00e3o de materiais e pr\u00e1ticas pedag\u00f3gicas inovadoras para o enriquecimento do processo de ensino e aprendizagem de Matem\u00e1tica na escola;<\/span><\/li>\n<li style=\"text-align: left;\"><span style=\"color: #000000;\">Avaliar e propor solu\u00e7\u00f5es a problemas educacionais associados a sua atua\u00e7\u00e3o docente e desenvolvimento profissional, de forma aut\u00f4noma e permanente.<\/span><\/li>\n<\/ul>\n","protected":false},"excerpt":{"rendered":"<p>O egresso do PROFMAT dever\u00e1: Possuir s\u00f3lida forma\u00e7\u00e3o t\u00e9cnico-cient\u00edfica e profissional em matem\u00e1tica, com capacidade de atua\u00e7\u00e3o no ensino b\u00e1sico, que promova o dom\u00ednio dos conte\u00fados apropriados, da forma de pensar e das estrat\u00e9gias de resolu\u00e7\u00e3o de problemas caracter\u00edsticos da Matem\u00e1tica; Buscar compreender e produzir conhecimento na \u00e1rea de matem\u00e1tica do ensino b\u00e1sico juntamente com [&hellip;]<\/p>\n","protected":false},"author":2,"featured_media":0,"parent":0,"menu_order":0,"comment_status":"closed","ping_status":"closed","template":"","meta":{"footnotes":""},"class_list":["post-64","page","type-page","status-publish","hentry"],"_links":{"self":[{"href":"https:\/\/profmat.unilab.edu.br\/index.php\/wp-json\/wp\/v2\/pages\/64","targetHints":{"allow":["GET"]}}],"collection":[{"href":"https:\/\/profmat.unilab.edu.br\/index.php\/wp-json\/wp\/v2\/pages"}],"about":[{"href":"https:\/\/profmat.unilab.edu.br\/index.php\/wp-json\/wp\/v2\/types\/page"}],"author":[{"embeddable":true,"href":"https:\/\/profmat.unilab.edu.br\/index.php\/wp-json\/wp\/v2\/users\/2"}],"replies":[{"embeddable":true,"href":"https:\/\/profmat.unilab.edu.br\/index.php\/wp-json\/wp\/v2\/comments?post=64"}],"version-history":[{"count":3,"href":"https:\/\/profmat.unilab.edu.br\/index.php\/wp-json\/wp\/v2\/pages\/64\/revisions"}],"predecessor-version":[{"id":234,"href":"https:\/\/profmat.unilab.edu.br\/index.php\/wp-json\/wp\/v2\/pages\/64\/revisions\/234"}],"wp:attachment":[{"href":"https:\/\/profmat.unilab.edu.br\/index.php\/wp-json\/wp\/v2\/media?parent=64"}],"curies":[{"name":"wp","href":"https:\/\/api.w.org\/{rel}","templated":true}]}}